(30 - (48 + 29)).
-95
What is the value of -101 + 0 - (-45 - (7 + -16) - -38)?
-103
What is (-8 - (1 - 1)) + (-4038 - -4057) - -36?
47
Evaluate 10 - 1 - (-25 - 10 - (-38 - -11)).
17
Calculate (3 - 16) + (-34 - ((13 - 20) + 6)).
-46
Calculate (-2 - 33) + (-114 - 7 - -136).
-20
Calculate 32 + -4 + -27 - (8 + 2) - (-29 + 4).
16
Evaluate (19 - (34 - -25)) + 16.
-24
Evaluate 101 + -189 - (-4 + (1 - 1)) - 10.
-94
What is -3 - (-41 - -54 - 0)?
-16
Evaluate -1 + 10 - (324 + -317) - (-8 - (17 - 63)).
-36
Evaluate -1 + 96 + 11120 + -11264.
-49
What is the value of (-4 - (-8 + (7 - -10) - 24)) + (-32 - -1)?
-20
Evaluate (16 - 15) + 87 + (-8 + 25 + -8 - 8).
89
Evaluate -6 - (-86 - (5 - 7) - (7 - -10 - 28)).
67
Evaluate 349 + -317 - ((-4 - (-4 + -4 + 3)) + -9).
40
What is -13 + -3 + -14 + (11 - (-20 - -11))?
-10
Calculate 9 - (80 - 65 - (14 + 1) - -1).
8
Evaluate 11 + -1 + (2 + -6 - (1 + -5 + -11)).
21
11 + -12 + 14 + 2 - (30 + 0)
-15
What is the value of -30 + 3 + -73 - (-45 + 4)?
-59
Evaluate 2 + 8 + (-3 + (-101 - -5) - (-16 + 18)).
-91
Calculate 1 + -3 + (-41 - (41 + -63)).
-21
Evaluate (26 - (18 + -23) - 11) + -17.
3
Calculate (-97 - -213 - 106) + (1 - 51).
-40
(96 - -54) + (-132 - -64)
82
What is the value of (-38 + 48 - (3 + (19 - 12))) + -11?
-11
What is 3 + -25 + (-45 - -44)?
-23
-28 + (47 - (2 - 4))
21
Calculate (-10 - 0) + 1 + -1 - (12 + -115 - -98).
-5
What is the value of (11 - ((10 - (-7 - (-5 - 6))) + -5)) + 15?
25
Calculate 49 - (19 - -1 - (145 - 131)).
43
38 + -52 + -42 + (4 - -7)
-45
(14 - (4 - -51) - (2 + -19)) + -3
-27
Evaluate (10 - -22 - 84) + 16.
-36
What is 69 + -86 + -15 - 10?
-42
(8 - 40) + 33 + -30 + 3
-26
40 - (11 + (-102 - -19) + 48)
64
What is the value of 104 + -24 + (-7 - (-21 + 11)) - (-18 - -2)?
99
-95 + (169 - (-141 + 175))
40
(1 - -2) + 1 - (-519 + 152 + 474)
-103
What is -29 + (7 - -44) + -66?
-44
What is the value of (-52 - (4 + -4)) + (37 - (22 + 5))?
-42
Calculate ((0 - 3) + -14 - -2) + (5420 - 5336).
69
What is the value of (-20 - ((-16 - -15) + (-78 - -6))) + 5 + 0?
58
Calculate (-163 - -175) + 0 + 14.
26
What is the value of -29 + -8 + 0 + 10 + -7 + -14?
-48
Evaluate (-53 - (-8 + 4)) + 8 + -15 + -7.
-63
Calculate 6 + 15 - (-11 - -6).
26
Evaluate -97 - (-7 + -6) - (-177 + 150).
-57
What is the value of (1 - -10) + (19 - (-18 + -1 + (31 - 22)))?
40
What is the value of 31 - (-35 + -15 + 98)?
-17
Evaluate -4 + (-78 - (42 - 18)) + -18.
-124
Calculate 21 + -21 + 2 - 8 - 22.
-28
What is the value of 23 + -22 + (1 - -5) - (97 + -111)?
21
Calculate 32 + -70 + 97 + (7 - 33).
33
Evaluate -42 + 2 + 2 + (-14 - (3 - 13)).
-42
Evaluate (-6 - -2) + 10 - (-19 - (-2 - (-2 + 127))).
-102
Calculate -76 - 15 - (-250 + 156).
3
What is the value of -10 - -3 - (35 + -58 + -13)?
29
Calculate (38 - 76) + 119 + -23.
58
What is 86 - (47 + 107 + 9)?
-77
What is (-4 - (-1 - 6)) + (-28 - 59 - -24)?
-60
What is 2 - 22 - (-981 + 897)?
64
Calculate (-83 - 3) + (-24 - -71 - 51).
-90
Evaluate -16 + (2 - (-9 - -6 - -11 - -3)).
-25
-59 + 25 + -30 + 74
10
(2 - 5 - -113 - (3 - 10)) + -98 + 87
106
Calculate 1 + -3 + (1 - (-18 - (12 + -42))) + -73.
-86
Evaluate -4 + -3 + -6 + 2 - (-43 + 28).
4
Calculate -50 - (-4 + -30) - -82.
66
Evaluate (41 + -44 - ((-2 - -55) + 1)) + 4.
-53
Evaluate -21 - (39 + 30 - 48).
-42
71 + -59 - -4 - 52
-36
17 + -5 + (-3 + -14 - (-69 + 46))
18
(-2 - 1) + (-4 - (-1 + -18)) + -67 + -10
-65
(-4 - ((-102 - -37) + 5)) + 18
74
Calculate 52 + (3 - (58 + -21)).
18
What is (81 - -22) + -32 + -73?
-2
What is the value of -1 + 2 + (21 - (-15 + 25) - 17 - 3)?
-8
Calculate (1 - -36 - (-667 + 692)) + -80.
-68
-31 + -17 + (179 - 116)
15
What is (59 - 61) + (-7 - -1) + (-7 - -17)?
2
What is the value of (1813 - 1803) + (0 - 12)?
-2
8 - (1 + 1 + -35 + -23 + 50)
14
Evaluate 2 + -5 + 33 + -33 + 14 - (18 - 6).
-1
Calculate -23 + (-35 - -80) + -50.
-28
What is -127 + (66 - -17) - 36?
-80
What is 626 - 574 - 44 - (0 + 0 - -138)?
-130
32 - (83 - -4 - 6)
-49
What is the value of 86 + -111 + 10 + 0 + 1 + -3?
-17
What is the value of (-5 - -31) + (-16 - 4) + -40?
-34
(259 - 393) + (-11 - -1 - (-1 - 4)) + 16
-123
Evaluate -108 - (187 + -81 + -156).
-58
What is the value of -8 + 30 - ((-44 - -68) + -51)?
49
Evaluate 6289 - 6220 - (30 - -2).
37
Evaluate -18 - (-13 + -3 + 5 + 11 - (1 - 5)).
-22
Calculate 48 + (72 - 29 - 139) - (1 + -2 + 1).
-48
Calculate 15 - (-22 + -25 + -21) - 25.
58
(49 - 96) + -77 - -207
83
What is (-44 - -1) + 28 + -19 + 4 + -7 + 4?
-33
Evaluate 1 + 2 + -18 + (-24 + 19 - -33).
13
What is the value of 7 + -14 + 20 + -68 + 31?
-24
What is the value of 1 + (-6 - (-6 - -14 - 13)) - 77?
-77
What is 186 + (87 + -116 - 34)?
123
What is -24 - -3 - (-8 - (-9 + 11))?
-11
Calculate 0 + -2 + 0 + -4 + -35 + -19 + 66.
6
What is (-207 - 0) + (3623 - 3532)?
-116
What is the value of (-1663 - -1663) + (-9 - (1 + -1)) - -10?
1
Calculate 64 - 55 - (-1 + -5 + 85 + 8).
-78
What is the value of 13 - (11 - -58) - -19?
-37
Evaluate 17 + -24 + 36 - 10.
19
Evaluate (-3 + 2 - (-107 - -107)) + 1 + 2 + -48.
-46
What is the value of 25 + -23 + (-18 - (-16 - -1) - (19 + -1))?
-19
Evaluate 32 - -20 - (-9 + (23 - -6)).
32
71 + -215 - -123 - (-23 - 0)
2
Evaluate -13 + ((1 - -5) + -2 + 203 + -166 - -15).
43
9 - ((5 - 8) + 15) - (-3 + 10 + 36)
-46
Calculate -90 - (51 - (-6 - -87)).
-60
11 - ((8 - -30) + -19 + -31)
23
Evaluate -31 - (9 - 71) - -9.
40
Evaluate 1271 - 1259 - (22 - -5).
-15
What is the value of 2 + -22 + -32 + -40 + 84?
-8
Calculate -24 + (4 - (21 - 26 - (1 + -1))) - -7.
-8
Calculate 16 - (6 + 8) - (0 - -23 - (-31 + 26)).
-26
What is the value of -12 + 33 - (15 - (-10 - (-1 - 10)))?
7
Calculate 15 + -118 + (-452 - -439 - (-1 + -5)).
-110
What is 8 + 0 + 76 + -48 + -82?
-46
What is -149 + 1 + (780 - 767)?
-135
-27 - (-2 + -10 - -32 - -25)
-72
Calculate 21 - -1 - (110 - 60 - 26).
-2
Calculate -6 + -15 + 33 + (5 - 4) + 3.
16
Calculate 1 - -5 - (-363 - -420).
-51
What is (-118 - -49) + 64 - (31 - -2) - 12?
-50
Calculate 3 - 40 - 2 - -24.
-15
-6 + 3 + (20 - ((16 - 26) + 24))
3
Calculate (131 - 147) + (13 - 17).
-20
Calculate -15 + 23 + 3 - (-11 - (-1 + -3)) - 5.
13
Evaluate -37 + (4 - (-30 + 2) - -5).
0
Calculate -66 + (-46 - -128) - 34.
-18
-1 + -2 + (1739 - 1754)
-18
Evaluate 8 - (-4 + 8) - -17 - 13.
8
44 - 56 - (-4 - 61)
53
Calculate 113 - 114 - (7 - 1).
-7
(-131 + 113 - -84) + 28
94
1 + 89 + (61 + -34 - -3 - 29)
91
What is the value of -13 - (-155 + 239 + (-5 - -2) - 8)?
-86
What is (-1 - 52) + (42 + 21 - 68)?
-58
What is 71 - (-10 + (-41 - -46) + (1 - -20))?
55
Evaluate 51 + -1 + (-121 - -112) - ((3 - -9) + -20).
49
Evaluate -6 + 0 - (21 - (101 - (-5 + 8))).
71
What is (-233 - -135 - -111) + -2 + -63?
-52
Calculate -10 + (-25 - (-30 - -3)) + -29.
-37
(5 + -1 - ((18 - 0 - 11) + -13)) + 35
45
Evaluate (-9 - (-9 + (17 - 10) + -71)) + (2 - -7).
73
What is (-805 - -930) + 4 + -47?
82
Evaluate (38 - 63) + 111 - 148.
-62
What is 4 - -2 - (-17 + 3 + 20) - (-2 - -10)?
-8
What is the value of (1 - 110) + -434 + 439 + -5 + (6 - -4)?
-99
What is 0 - -2 - 14 - 5 - (-1370 - -1304)?
49
What is the value of -100 - (-126 - -13) - (-25 + 0)?
38
Calculate 42 - (-3 + 0 + (42 - (-24 + 59))).
38
128 + (-8 + 4 - 3 - (1 - (6 - 6)))
120
38 + 21 + -39 - 30
-10
Calculate 19 + 9 - 8 - 26 - -6.
0
What is 20 - (95 - 42) - -76?
43
Calculate (-6 - -19) + (72 - 47) + -1 + -11.
26
What is the value of 0 + -10 + (55 - 42) + 58?
61
What is the value of (2 + -18 + (130 - 125) - (-92 - 0)) + -1?
80
What is the value of -2 + 10 + 8 + (-7 - (-19 + 36))?
-8
(-50 + 103 - 91) + 50
12
Calculate 1 + 34 - (2293 - 2280).
22
What is 45 + (68 - 98) + (3 + -8 - 3)?
7
41 + -40 - (-30 + 16 - -47)
-32
Calculate -89 + 60 - (-2 + 6 - (-5 - -6)).
-32
129 + 1 + -43 + 564 + -520
131
Evaluate (0 - 1 - (84 + 3 + -69)) + 12 + 2.
-5
Evaluate (-10 - -3 - (213 - 176)) + 50.
6
Evaluate 26 - ((9 - 4) + (37 + -37 - -8)).
13
What is the value of 5 - (-2 - (4 + 1 - 9)) - -7?
10
Calculate (0 - -5) + 32 + 3 + 10 + -37.
13
(-4 - 1 - (-5 + 14)) + (-88 - -168)
66
What is the value of (-87 - -91) + (28 - -2) + -123?
-89
What is the value of -9 + -47 + (-64 - -25) + 48?
-47
What is the value of 53 + -19 + 43 + -24 - -1?
54
-73 + (-34 - (35 - 16 - 43))
-83
Evaluate -8 + (-12 - (3 - 99) - -11) - (12 + 0).
75
Evaluate (-8 - 0) + -5